 -54)?
-26
What is the value of -1 - 3 - (8 - 3)?
-9
What is the value of (-13 - 10 - -8) + 6?
-9
What is (-7 - -4) + 12 + 1 + -6?
4
Evaluate 9 + 8 + 1 + -13.
5
Evaluate 20 - (24 - -53) - -29.
-28
Evaluate 5 + 0 + (-6 + -5 - -18).
12
Evaluate 7 - 0 - (36 + -57 + 25).
3
Evaluate 1 + -1 - (-77 + 86 - (10 + -1)).
0
(46 - 7 - 16 - 12) + 2
13
-9 + -2 + (7 - 3) - (-696 + 656)
33
What is the value of (7 + (-11 - (0 - -2)) - -9) + 1?
4
9 - 17 - (-4 + -11)
7
What is the value of -16 + 4 - (-27 + 0) - -4?
19
Evaluate -27 - (4 + 9 - 36).
-4
-1 + 3 + -11 + -7 + 5
-11
Evaluate (-4 + 11 - 7) + 7 + 1.
8
Calculate 11 + (-6 - 0 - (96 - 81)).
-10
What is (6 + (-7 - 5) - 8) + 11?
-3
What is 6 - -3 - 2 - (-2 - 3)?
12
What is 9 + (-20 - (16 - 5))?
-22
What is the value of -12 - (7 + -24 - -14) - -26?
17
What is 39 + (28 - 6 - 88)?
-27
What is 114 + -114 - (0 + 0 + 1) - -12?
11
10 - 2 - (-23 - 3 - -21)
13
13 + 5 + -15 + -8
-5
What is (-24 - -10) + (32 - (15 + -11))?
14
(4 + (-5 - -3 - -6) - 37) + 8
-21
What is the value of 67 + -96 - (-17 + -4)?
-8
11 + -8 - (14 - -2)
-13
What is the value of (3 - 23) + 3 + 25?
8
Calculate -4 + -1 - (3 - 7 - -4).
-5
22 + 1 - (-304 - -325)
2
Evaluate 0 + (24 - (6 + 6)) + -9.
3
Evaluate -46 - -25 - (12 - 24).
-9
What is the value of 3 + 2 - ((18 - 3) + -7)?
-3
What is the value of (8 - (-7 - -4 - 8)) + -7?
12
Calculate -40 + 20 + (-2 - (-8 - 3)).
-11
What is the value of -7 - (-6 + 15 + -21 + 6)?
-1
(2 - ((24 - 10) + -11)) + -16
-17
Evaluate (16 + -3 - 10) + -6.
-3
Calculate (12 - 11 - 41) + 37.
-3
Evaluate 0 + -12 + 6 - -3.
-3
Evaluate -9 - (-18 - (-30 + 2)).
-19
Calculate -50 + 27 + 32 + (0 - -5).
14
Evaluate 16 + (-16 - (-14 + 13)).
1
What is 1 + 27 + (804 - 804)?
28
-16 + 1 - (18 + -25) - (6 + -8)
-6
Calculate (-5 - -15) + (-31 - 0) + (-9 - -7).
-23
What is the value of 34 - (38 - 3) - (7 + -2)?
-6
9 + (-18 - (1 + -8)) + -30
-32
Evaluate -14 + 8 + (6 - -3) + 15.
18
Evaluate 15 + -17 + (7 - -4).
9
What is -2 + 12 + (-22 - -24 - (0 - -7))?
5
Evaluate 2 + 0 - ((-17 - -10) + 16) - -11.
4
(-3 - (12 - 2)) + -9 + -13
-35
What is the value of -11 - (-12 + 1 - ((-21 - -12) + 2))?
-7
Evaluate (-1 - 2) + -6 - -9 - -3.
3
8 + (-4 - -3) + -13
-6
What is 10 + -10 + -5 + -17?
-22
Calculate 20 + (7 + -20 - -14).
21
Calculate (0 - (-4 + 7)) + (1 - -6).
4
Evaluate -18 - (-45 - (-16 - -4)).
15
Calculate (8 - -3) + (27 - 40).
-2
Evaluate (0 - -3) + -12 + -7 + 2.
-14
Evaluate (2 - 3) + 52 + -63.
-12
What is -64 + 71 - (-5 - (-4 + 2))?
10
What is 17 + -10 + 23 + (-25 - -15)?
20
Evaluate (12 - 22) + 0 + 2.
-8
Calculate (1 - 16) + -11 + 6.
-20
What is 43 + (-33 - -16 - -3)?
29
What is -5 + (-9 - -5) + 8 + 20 + -3?
16
2 + (10 - 2) + -9
1
Evaluate 2 + (1 - 2) + 10.
11
Calculate -12 + -1 + -23 + 12 + -5 + -8.
-37
Calculate (4 - 8 - -5) + -8 + 0 - -6.
-1
15 + -15 + -6 + (-2 - -13) + 3
8
What is the value of 19 + 2 + (7 + -8 - 2)?
18
-4 - (4 + -4) - (2 + -4 - 2)
0
What is the value of -3 + (-11 - -9) + -1 + 0?
-6
(3 - 1 - 3) + (30 - (7 + 3))
19
Evaluate (-2 - -3) + -8 + (8 - 17) + 6.
-10
What is the value of 21 + 2 + 236 + -263?
-4
Calculate (-3 - -7) + -4 + 5 + -28 + 7.
-16
Evaluate 0 + (-10 - -12) - 0.
2
What is the value of 13 - (-34 - -24) - 6?
17
What is (-11 - -7) + (-6 - (-2 - 8)) + -2?
-2
Evaluate (-2439 - -2445) + (1 - -1) + 12.
20
Calculate 98 + -85 - (0 + 6 + -2 + 2).
7
-1 - (3 - (-4 - 6))
-14
Calculate 28 + -36 + -12 + -9.
-29
What is the value of 6 + (4 - (-3 - -12))?
1
Calculate 13 - (4 + 0 + -1) - (260 + -247).
-3
What is the value of -21 + (1 + 1 - (-2 - -4))?
-21
Evaluate -12 - (4 + 0 - (-3 - (6 - 13))).
-12
What is the value of 81 + -62 - (4 - 7)?
22
Calculate -1 + 25 + (47 - 61).
10
Evaluate 15 + (-7 - -1) + -6.
3
Evaluate 10 + (7 - -8 - 6) + -10.
9
What is 1 + -12 + 14 + -19 + 6 + -5?
-15
What is (10 - (14 - 2 - -6)) + (-1 - -1)?
-8
5 + -1 + -4 + 1 + 9
10
Evaluate 2 - (-1 + 11 + -18) - -14.
24
What is -12 + 4 + -3 + -1 + 10?
-2
3 - 0 - (81 - (86 - -10))
18
Calculate 7 - (-2 + (-30 - -29) + 6 + 1).
3
Evaluate -29 + 29 + -13 + -4 + -4 + 6.
-15
What is -11 + -11 + 24 - (-3 - 0)?
5
-11 + 4 + 12 + -3 - (-22 - -1)
23
-23 + 5 - -16 - -15
13
Calculate -26 + 55 - (0 + 15).
14
What is the value of -19 - (-2 + 7 - (-2 + (7 - -1)))?
-18
Calculate 0 + 2 + (-5 - (-7 - (-25 + 21))).
0
What is the value of 10 + (-5 - -1 - 7) + 9 + -4?
4
Evaluate (-1 + 2 - ((24 - 18) + -11)) + 1.
7
What is the value of 7 + 5 + -10 + 17?
19
Evaluate 20 - (-14 + 12 + 10).
12
(-2 - -20) + (-181 - -166)
3
What is -159 + 142 - (-12 - 1)?
-4
(22 - -13) + (50 - 97)
-12
Evaluate (0 - 3) + (11 - -1) + -4.
5
What is (-20 - (14 + -17)) + 21 - (29 - 0)?
-25
What is 2 - 23 - -1 - (36 + -63 + 23)?
-16
Calculate 1 + 3 + (-56 - -64) + (-3 - -4).
13
What is the value of 7 + 1 + -57 + 34 + 1 + -6?
-20
What is -7 - -1 - ((0 - 1) + (-854 - -835))?
14
(7 - -3) + 38 + -25
23
Evaluate -6 + 0 + 0 + (39 - 17) + -16.
0
What is 30 + 5 + -12 + 1?
24
-3 + 10 - (-3 + 0)
10
What is the value of -1 + (-6 + 0 + (-2 - -3) - -23)?
17
-1 + 0 + (4 - 3) + 0 + -15
-15
Calculate 21 + 15 + (-10 - 18).
8
Evaluate 0 + -2 + 1 - (-1 - (5 - -5)).
10
What is 35 - (-10 - -7) - 8?
30
Evaluate -7 + (-7 - (-4 - (-1 - 5 - -5))).
-11
Calculate 0 + (-26 - -18) + 5.
-3
What is -5 - (21 + -2 + -6 + -6 - 41)?
29
-1 + (5 - 2) + -8 - -6
0
Evaluate (179 - 178) + (0 - 7).
-6
Calculate 1 - -3 - ((3 - (16 - 26)) + -6).
-3
Calculate 6 - 0 - (9 + (-3 - 3)).
3
What is the value of 17 - (26 + -6) - 19?
-22
Calculate -31 + (-6 - (-8 - 30)).
1
4 - (-2 - 12) - 13
5
What is 14 - (7 + (-2 - -1))?
8
What is the value of -8 + -24 + 34 + -1?
1
What is the value of 7 + (-4 + (6 - 1) - -2 - 4)?
6
0 - (-9 - -2) - ((21 - 7) + 5)
-12
Evaluate -13 + (17 + 0 - (16 + -13)) + -7.
-6
Calculate 24 + -34 + 18 - (0 - 1).
9
What is 1 - ((11 - 20) + (3 - -2))?
5
What is 6 - 0 - (-234 + 255)?
-15
What is -3 + 2 - (-12 + 11 - -8)?
-8
10 + (6 - 18 - 4)
-6
Evaluate 303 + -313 + -1 + 10 + -3.
-4
Evaluate (-12 - 0) + (-2 + 14 - 12).
-12
What is the value of -10 + 8 + -34 + 15?
-21
What is 12 + -2 + -5 + 0 + -26 + 1?
-20
108 - 95 - (12 + -3)
4
Evaluate -129 - -118 - (1 - 20).
8
What is -5 - (-31 + 12 + -4)?
18
Calculate -229 - -225 - (0 + -14).
10
Calculate -14 + 5 + 2 + -7 + 21 + -26.
-19
What is the value of 9 - (-2 + -6 + (24 - 23) + 28)?
-12
What is 36 + (14 - -9) + -39?
20
What is the value of -6 + (-5 - -3) + 3 + -38 + 36?
-7
What is -13 - (6 + 8 + -9) - (1 - 8)?
-11
Calculate -25 + -22 + 37 + -22.
-32
4 - (-16 + 0 + 7) - -11
24
What is 12 + (11 - 23) + -14?
-14
Evaluate -1 + 1 - (-22 - -18) - (0 - 4).
8
What is -21 - -4 - (15 + (-5 - 25))?
-2
What is 6 - (5 + (1 + -1 - 4))?
5
What is -14 - (2 + 0 + 18 + -20 + 4)?
-18
Evaluate -2 - (-19 + 9 + 1) - 6.
1
What is the value of -12 + 5 + -20 + 11?
-16
(1 - (1 - 10)) + (-134 - -123) - 6
-7
Calculate -2 + -16 - (-97 - -69).
10
(-14 - -1) + (1 + 13 - 9)
-8
(-1 - 10) + -4 + 16
1
What is (478 - 468) + 1 + -14?
-3
10 - 2 - (-53 - (-7 - 41))
13
What is 14 - 1 - (-568 - -582)?
-1
What is -14 - ((2 - 7) + (0 - (2 + -1)))?
-8
What is (-1 + 0 - -6) + -271 + 261 - -23?
18
What is the value of 1 + 2 + (2 + -3 - 2) - 3?
-3
What is the value of (-3 - (-2 + -1 + 3)) + 1 + 9?
7
What is 9 + -1 + (1 + 3 - 11)?
1
What is -5 - ((-1 - 9) + (1 - (-5 - -4)))?
3
-27 + -5 + 24 - -3
-5
Evaluate 19 + -20 - (9 + -5 + 3).
-8
Evaluate -7 + 9 + -15 + (10 - 7).
-10
What is the value of 13 + (2 - 1) - ((15 - 17) + 7)?
9
-11 + 0 - (25 + -26)
-10
19 - (19 + 7 + -22)
15
Evaluate 11 + -22 + 29 + -10 + 1.
9
33 + -67 + (3 - (4 - 14))
-21
Evaluate -14 + 3 + 3 - (-1 - (59 + -22)).
30
Evaluate -1 - 1 - (-9 + -22 + 32).
-3
Calculate 16 + (-5 - -2) - 11.
2
-174 - -183 - (16 - -1)
-8
What is 25 + (-13 - (11 + (6 - 17)))?
12
What is -24 + (23 - (1 - -9))?
-11
What is the value of -4 + (6 - -7) + -8?
1
Evaluate (42 - 46) + 1 + 13.
10
(-5 - -6) + -12 + -4 + 1
-14
Evaluate (-15 - -23) + 1 + -23.
-14
(-66 - -65) + 1 + -4 + 3 + 9
8
Evaluate -1 + 7 + -9 + -4.
-7
Evaluate 7 + (-5 - -1) + 24 + -20.
7
Evaluate 9 - (-1 - -4 - (38 + -44)).
0
What is the value of -3 - (20 + 1) - -11?
-13
Evaluate (23 - 26) + 11 + (1 - -1).
10
What is -5 + (31 - 24 - (-1 + 1 + 16))?
-14
Evaluate -26 + 14 - (-14 + (3 - -9)).
-10
Evaluate (-63 - -52) + -4 - (0 - 38).
23
Calculate 9 - 5 - (